ppose 0 = -15*q + 3922 - h. What is the highest common divisor of q and 26?
26
Let o be 2140/18 - (-17)/4284*28. Calculate the greatest common divisor of o and 1751.
17
Suppose -5*k = -r + 7, 6*r + 3*k + 1 = 5*r. Suppose -2*u + 4*h + 346 = 0, 0 = 2*u - 5*u + r*h + 523. Calculate the highest common factor of u and 10.
5
Let m be (-42)/8*5368/(-4697). Suppose -v - 84 = -5*v. Calculate the greatest common divisor of m and v.
3
Let l(z) = -3*z**2 - 51*z - 8. Let r be l(-18). Let t = r + 139. Let x = t + -68. Calculate the greatest common divisor of x and 117.
9
Let k = -6 + 14. Suppose 8 = -2*a, 20*a = m + 19*a - 10. Let r be (-2)/(-3)*m/4. What is the greatest common divisor of r and k?
1
Suppose 0 = 4*q + 4*n - 448, 4*n = -804 + 772. Suppose 397 = 5*o + 3*k, -5*o + 4*k = k - 403. What is the greatest common factor of o and q?
40
Suppose -490*a + 63*a = -5833674. Calculate the highest common factor of a and 36.
18
Let p be (-472)/6*((-12)/(-8) - 3). Let x = p - 103. What is the greatest common factor of 45 and x?
15
Let b be ((-609)/6 + -4)/(-1) + (-15)/10. What is the greatest common divisor of 143 and b?
13
Let i(n) = 3*n**2 - 9. Let w be i(-3). Let h = w + 76. Suppose 2*k - h - 20 = 0. What is the greatest common factor of k and 19?
19
Suppose 30335*j = 30350*j - 72240. What is the greatest common factor of j and 224?
112
Let r(o) = -o - 126. Let m be r(0). Let s = 180 + m. Suppose -4*h - 108 = -4*j, 3*h = 5*h. What is the highest common factor of s and j?
27
Let j be (-69*(747/(-108) + 15))/((-1)/4). Calculate the greatest common factor of 2716 and j.
97
Let z(x) = x**3 - 140*x**2 - 429*x + 5. Let j be z(143). Suppose 5*q - 3*r - 40 = 0, 0 = -4*q - 2*r + 3*r + 25. What is the highest common divisor of j and q?
5
Let z = -36112 + 36842. What is the greatest common divisor of z and 170?
10
Let w be (-30510)/(-360) + 6/(-8)*1. Calculate the greatest common divisor of w and 399.
21
Let z(y) = -2*y**3 + 5*y**2 + 59*y + 174. Let j be z(-3). Calculate the highest common factor of 4128 and j.
96
Let f be 12/7 - 16/(-56). Suppose f*g - 68 = -2*o, -3*g - 4*o - 69 = -172. Calculate the greatest common divisor of 33 and g.
33
Suppose 14*a = 9*a - 4*r + 8174, -5*a + 8202 = -3*r. Calculate the greatest common divisor of 104 and a.
26
Suppose 41*s + 38*s + 324 = 115*s. What is the highest common factor of s and 1719?
9
Suppose 243 = 5*m + 58. Suppose 155*j - 164*j - 2331 = 0. Let q be j/21*(-9)/1. Calculate the greatest common divisor of m and q.
37
Let k(a) = a**2 + 6*a - 16. Let j be k(-8). Suppose 4*y + 11 - 67 = j. Let p be (448/(-20))/(1/(-5)). Calculate the highest common divisor of y and p.
14
Suppose -15 = 15*s - 10*s. Let z be (-972)/(-16) + s/4. Suppose 4*b - 28 = 68. Calculate the highest common factor of b and z.
12
Suppose 3*b + 3*x = 1578, 2*x = -2*b + 3*x + 1040. Suppose -b = -6*y - 72. Let h = 29 + -14. What is the greatest common factor of h and y?
15
Let w(f) = 8*f**2 - 28*f + 50. Let j be w(2). Let b be (143/3)/(1/3). Calculate the highest common factor of j and b.
13
Suppose -52*s = -277923 - 86545. What is the greatest common factor of s and 86?
43
Let d = 20501 - 18734. Calculate the greatest common factor of d and 837.
93
Let z(m) = m**3 + 24*m**2 + 23*m - 777. Let j be z(-21). What is the greatest common factor of 3192 and j?
21
Suppose 2*c - 10176 + 29673 = 3*h, -4*h - 2*c + 25982 = 0. Calculate the highest common factor of 712 and h.
89
Suppose -27*j = 52*j - 1421638 + 107710. Calculate the greatest common factor of 72 and j.
72
Suppose -271 = -2*m + 251. Let v(r) = 8*r**2 - 593*r + 103. Let a be v(74). Calculate the highest common divisor of m and a.
29
Suppose 4 = -10*t - 26. Let i be 10/(-12)*-428 + 2/t. Let z be i + (-3)/(12/16). What is the highest common divisor of z and 32?
32
Suppose -3*y + 423 = 2*c - 396, 1617 = 4*c + 3*y. What is the highest common divisor of c and 112?
7
Let y = 61 + -51. Let c be y/25*(-60)/(-3). Let a be -1 - (-263)/4 - (-2)/c. What is the greatest common factor of 13 and a?
13
Let s(n) = -17*n + 7. Let r be s(-5). Suppose -2*b + r = -3*x + 372, -4*b = -2*x + 176. What is the greatest common divisor of x and 6?
6
Let u = 782 + -502. Suppose -14910 + 4305 = -101*l. Calculate the greatest common factor of l and u.
35
Suppose 0 = -2*p - 15 + 31. Let z(f) = f**2 - 10*f + 4. Let i be z(10). Suppose o + 0 = i. Calculate the greatest common divisor of p and o.
4
Suppose 5*i + 8 = 33. Let q be ((-29)/58)/((-2)/556). Suppose -144 = -5*t - q. What is the highest common divisor of i and t?
1
Let w(k) = -10*k - 15. Let h be w(-4). What is the greatest common factor of h and 18200?
25
Let t = 3211 + -1807. Calculate the greatest common factor of t and 24.
12
Let r be (5/(75/18))/((-60)/(-1000)) - -1. What is the greatest common factor of r and 1281?
21
Let v be (0 - 5) + 0 - (-2 - -2). Let z be (v*2/(-4))/((-66)/(-1584)). What is the highest common divisor of 300 and z?
60
Let c be 6 - 4 - (-9816)/6. What is the greatest common divisor of 364 and c?
182
Let d(x) = x**3 - 6*x**2 + 12*x - 14. Suppose 2*i + 13 = g + i, 0 = -2*g - 3*i + 1. Let z be d(g). Calculate the greatest common divisor of z and 140.
70
Let m be ((-112)/(-19) - 3) + (-8)/(-76). Let k(c) = 3*c**3 - 2*c**2 + 9*c - 36. Let j be k(m). What is the greatest common divisor of j and 270?
54
Let k = 2 - 0. Suppose -k*j + j = -2*d + 18, 4*d + 2*j = 20. Let h be ((-4)/(-12) - 4/48)*4. Calculate the highest common divisor of d and h.
1
Let r(q) = q**3 - 41*q**2 + 305*q. Let a be r(32). Calculate the highest common factor of a and 224.
32
Suppose 72*p - 69*p - 105 = 0. Suppose w + p*u - 139 = 38*u, 0 = -4*w + 4*u + 580. Calculate the greatest common factor of w and 37.
37
Suppose 2237 = 22*j - 2999. What is the highest common factor of 1806 and j?
14
Let o be 2/(-5) - (-21 - (-232482)/(-30)). What is the highest common factor of 30 and o?
30
Suppose 277*m - 282*m = -4*r - 48265, -m + 3*r = -9642. Calculate the greatest common factor of m and 333.
333
Let n be (-122)/3*(2882/(-44) + -5). What is the highest common divisor of 183 and n?
61
Let x be -2 + 2/5 + 132/(-30). Let f be x + (-44)/(-4) + 59. Calculate the greatest common divisor of f and 96.
32
Let j(l) = -29*l + 1931. Let m be j(61). Calculate the greatest common divisor of m and 2349.
81
Let d(h) = 32*h - 277. Let m be d(10). Let q be (61 + 1)/(4 - 2). Let v = m - q. Calculate the greatest common divisor of v and 12.
12
Suppose 85482 = 11*w - 25002. What is the highest common divisor of 36 and w?
36
Suppose 411*x + 300 = 417*x. What is the highest common factor of 1150 and x?
50
Let d = 342 - 142. Suppose 286 = -8*b + 302. Suppose b*y + 5*r = 95, -d = -2*y - 3*y - 5*r. Calculate the highest common factor of 35 and y.
35
Let x = -5437 + 5675. What is the highest common factor of x and 28?
14
Suppose -4*r + 45 = -11. Suppose -2*f = 2*g - 734, 3*f - 4*g - 1083 = -g. Suppose f = -12*t + 14*t. What is the greatest common divisor of t and r?
14
Suppose 0 = 2*i - 5*d - 5084, 5*i + 5*d - 17690 = -4910. Calculate the highest common factor of i and 616.
88
Let b = -43 - -183. Let n be ((-24)/21 - (-352)/(-112))*-49. What is the highest common divisor of b and n?
70
Let l be 2/16 - 36488/64. Let j be l/(-5) + -3*1. Let f = 101 - 64. Calculate the greatest common divisor of f and j.
37
Let n(p) = -p**2 - 20*p - 17. Let t be n(-19). Let z(i) = -14 - t - 7*i + 4 + i. Let r be z(-10). What is the greatest common factor of r and 24?
24
Let m(i) = -i**3 + 21*i**2 + 49*i + 23. Let l be m(23). Suppose 7*h = -601 + 2855. Calculate the greatest common divisor of h and l.
46
Let n(l) = l**2 + 16*l + 6. Let r be n(2). Calculate the highest common divisor of 448 and r.
14
Let k = 1777 - -997. What is the greatest common factor of 38 and k?
38
Let b = 138 - 43. Suppose 5*z - 325 = 5*r, -z + 2*r = 28 - b. Suppose 4*l - z = l. What is the highest common factor of 42 and l?
21
Let q = -56 - 409. Let f = 609 + q. What is the highest common factor of 108 and f?
36
Suppose -22*n = -13*n - 423. Let t = n + 5. Calculate the greatest common divisor of 12 and t.
4
Let y = -3169 + 3219. Calculate the greatest common factor of y and 38.
2
Let m be (-5326)/(-8) - 1/(-4). Suppose 0 = -5*u + m - 241. Suppose 11*w - 1032 + 845 = 0. What